12
Calculate the remainder when 9603 is divided by 94.
15
What is the remainder when 8500 is divided by 251?
217
Calculate the remainder when 3029 is divided by 43.
19
What is the remainder when 6742 is divided by 1681?
18
What is the remainder when 156050 is divided by 31210?
0
Calculate the remainder when 380118 is divided by 215.
213
What is the remainder when 11484 is divided by 278?
86
What is the remainder when 20083 is divided by 65?
63
Calculate the remainder when 4169 is divided by 1941.
287
Calculate the remainder when 4404 is divided by 77.
15
What is the remainder when 293 is divided by 174?
119
What is the remainder when 192059 is divided by 38411?
4
Calculate the remainder when 3939 is divided by 572.
507
Calculate the remainder when 92773 is divided by 3.
1
Calculate the remainder when 3285 is divided by 408.
21
What is the remainder when 60654 is divided by 5046?
102
Calculate the remainder when 3659 is divided by 158.
25
Calculate the remainder when 1069828 is divided by 773.
769
What is the remainder when 1283 is divided by 115?
18
Calculate the remainder when 43194 is divided by 561.
558
Calculate the remainder when 63 is divided by 2.
1
Calculate the remainder when 40312 is divided by 2371.
5
Calculate the remainder when 3501 is divided by 42.
15
Calculate the remainder when 42741 is divided by 42734.
7
Calculate the remainder when 260204 is divided by 40.
4
Calculate the remainder when 131647 is divided by 69.
64
What is the remainder when 3266 is divided by 30?
26
What is the remainder when 4063 is divided by 1293?
184
Calculate the remainder when 1317 is divided by 75.
42
What is the remainder when 19515 is divided by 2661?
888
Calculate the remainder when 1816 is divided by 26.
22
Calculate the remainder when 13638 is divided by 4.
2
Calculate the remainder when 4636 is divided by 363.
280
Calculate the remainder when 38478 is divided by 18.
12
What is the remainder when 3727328 is divided by 49?
45
Calculate the remainder when 899 is divided by 208.
67
Calculate the remainder when 606293 is divided by 6.
5
Calculate the remainder when 1651 is divided by 131.
79
Calculate the remainder when 428686 is divided by 107165.
26
What is the remainder when 2995 is divided by 342?
259
Calculate the remainder when 44839 is divided by 135.
19
What is the remainder when 6046270 is divided by 1728?
1726
Calculate the remainder when 999 is divided by 344.
311
What is the remainder when 7346 is divided by 7289?
57
Calculate the remainder when 1339 is divided by 109.
31
What is the remainder when 4229974 is divided by 39?
34
Calculate the remainder when 7956 is divided by 218.
108
What is the remainder when 2444 is divided by 32?
12
Calculate the remainder when 21203 is divided by 18.
17
Calculate the remainder when 19495 is divided by 3866.
165
Calculate the remainder when 1035 is divided by 875.
160
Calculate the remainder when 33980 is divided by 16962.
56
What is the remainder when 3777 is divided by 223?
209
What is the remainder when 5516 is divided by 1100?
16
Calculate the remainder when 112336 is divided by 59.
0
Calculate the remainder when 1429817 is divided by 70.
67
What is the remainder when 8118 is divided by 324?
18
Calculate the remainder when 10634 is divided by 28.
22
What is the remainder when 21685 is divided by 1805?
25
Calculate the remainder when 2891 is divided by 32.
11
Calculate the remainder when 445 is divided by 123.
76
Calculate the remainder when 188874 is divided by 8990.
84
Calculate the remainder when 330740 is divided by 323.
311
What is the remainder when 263 is divided by 212?
51
What is the remainder when 15760 is divided by 6?
4
What is the remainder when 62178 is divided by 1728?
1698
What is the remainder when 2580 is divided by 424?
36
Calculate the remainder when 13627 is divided by 317.
313
Calculate the remainder when 18702 is divided by 1444.
1374
Calculate the remainder when 18219 is divided by 84.
75
Calculate the remainder when 14660 is divided by 151.
13
What is the remainder when 7958 is divided by 340?
138
What is the remainder when 11101 is divided by 1385?
21
Calculate the remainder when 6793 is divided by 2232.
97
Calculate the remainder when 139 is divided by 21.
13
Calculate the remainder when 3839 is divided by 364.
199
Calculate the remainder when 19121 is divided by 9555.
11
Calculate the remainder when 34497 is divided by 15.
12
Calculate the remainder when 28032 is divided by 996.
144
Calculate the remainder when 3979 is divided by 97.
2
What is the remainder when 179 is divided by 42?
11
What is the remainder when 3056 is divided by 580?
156
What is the remainder when 26155 is divided by 13074?
7
What is the remainder when 108458 is divided by 290?
288
What is the remainder when 44858 is divided by 20?
18
Calculate the remainder when 182736 is divided by 552.
24
What is the remainder when 1359 is divided by 253?
94
Calculate the remainder when 41978 is divided by 316.
266
Calculate the remainder when 1095 is divided by 538.
19
Calculate the remainder when 7995 is divided by 1995.
15
Calculate the remainder when 1114 is divided by 191.
159
What is the remainder when 48101 is divided by 228?
221
Calculate the remainder when 1318 is divided by 19.
7
Calculate the remainder when 6642 is divided by 33.
9
What is the remainder when 114466 is divided by 2662?
0
Calculate the remainder when 74241 is divided by 105.
6
Calculate the remainder when 66688 is divided by 23.
11
Calculate the remainder when 1805 is divided by 130.
115
What is the remainder when 229171 is divided by 238?
215
Calculate the remainder when 12419 is divided by 289.
281
What is the remainder when 114640 is divided by 66?
64
What is the remainder when 19180 is divided by 138?
136
What is the remainder when 4495 is divided by 1118?
23
What is the remainder when 20906 is divided by 103?
100
Calculate the remainder when 662185 is divided by 6075.
10
What is the remainder when 79559 is divided by 195?
194
What is the remainder when 417 is divided by 197?
23
Calculate the remainder when 877959 is divided by 467.
466
What is the remainder when 2674 is divided by 1257?
160
What is the remainder when 5407 is divided by 15?
7
Calculate the remainder when 2074332 is divided by 142.
138
What is the remainder when 13298 is divided by 1506?
1250
Calculate the remainder when 31328 is divided by 31.
18
Calculate the remainder when 259934 is divided by 348.
326
What is the remainder when 25112 is divided by 125?
112
What is the remainder when 24270 is divided by 2426?
10
What is the remainder when 91259 is divided by 260?
259
What is the remainder when 2329 is divided by 287?
33
What is the remainder when 325 is divided by 180?
145
Calculate the remainder when 901 is divided by 38.
27
Calculate the remainder when 34785 is divided by 107.
10
Calculate the remainder when 49814 is divided by 41.
40
What is the remainder when 5141 is divided by 561?
92
What is the remainder when 351621 is divided by 227?
225
Calculate the remainder when 634403 is divided by 211458.
29
Calculate the remainder when 7354 is divided by 84.
46
What is the remainder when 3432 is divided by 215?
207
What is the remainder when 12034 is divided by 20?
14
Calculate the remainder when 6626 is divided by 2206.
8
What is the remainder when 2168269 is divided by 127?
125
What is the remainder when 135092 is divided by 6753?
32
Calculate the remainder when 895886 is divided by 25.
11
Calculate the remainder when 7706 is divided by 3848.
10
What is the remainder when 9753 is divided by 4477?
799
What is the remainder when 93748 is divided by 15?
13
Calculate the remainder when 55657 is divided by 24.
1
What is the remainder when 94845 is divided by 138?
39
Calculate the remainder when 860 is divided by 100.
60
What is the remainder when 52950 is divided by 26464?
22
Calculate the remainder when 32555 is divided by 109.
73
What is the remainder when 21623 is divided by 188?
3
Calculate the remainder when 70469 is divided by 5416.
61
What is the remainder when 487750 is divided by 40645?
10
Calculate the remainder when 409 is divided by 124.
37
What is the remainder when 38240 is divided by 1579?
344
Calculate the remainder when 2233 is divided by 156.
49
Calc